 the ten thousands digit of 939599748?
9
What is the tens digit of 161914733?
3
What is the hundred thousands digit of 9227226?
2
What is the thousands digit of 866718878?
8
What is the millions digit of 6744710606?
4
What is the ten thousands digit of 404515294?
1
What is the hundred millions digit of 300257022?
3
What is the hundred thousands digit of 39840826?
8
What is the hundred millions digit of 623299546?
6
What is the hundreds digit of 215683205?
2
What is the thousands digit of 5463264978?
4
What is the thousands digit of 335503?
5
What is the ten millions digit of 522092991?
2
What is the units digit of 32496482?
2
What is the thousands digit of 1147336931?
6
What is the ten millions digit of 194253840?
9
What is the hundred thousands digit of 50062047?
0
What is the ten millions digit of 1253777401?
5
What is the thousands digit of 3535252820?
2
What is the hundreds digit of 834228959?
9
What is the ten millions digit of 1591147078?
9
What is the hundred millions digit of 3141640214?
1
What is the hundred thousands digit of 45680388?
6
What is the thousands digit of 14426898?
6
What is the ten millions digit of 351053300?
5
What is the units digit of 28504535?
5
What is the units digit of 21458698?
8
What is the millions digit of 1022816942?
2
What is the hundred millions digit of 1095233946?
0
What is the hundreds digit of 30005707?
7
What is the hundred thousands digit of 2093809890?
8
What is the thousands digit of 94732008?
2
What is the hundreds digit of 3655502967?
9
What is the units digit of 167457103?
3
What is the hundred millions digit of 1757307592?
7
What is the ten thousands digit of 3400389323?
8
What is the thousands digit of 64146193?
6
What is the units digit of 6153314318?
8
What is the hundreds digit of 533811216?
2
What is the hundreds digit of 4415844780?
7
What is the tens digit of 1219476802?
0
What is the ten thousands digit of 4710829427?
2
What is the hundred millions digit of 532635938?
5
What is the billions digit of 3120338010?
3
What is the millions digit of 55126337?
5
What is the ten thousands digit of 236415013?
1
What is the hundred millions digit of 286929603?
2
What is the units digit of 19127931?
1
What is the hundred thousands digit of 46636234?
6
What is the hundred thousands digit of 79436843?
4
What is the millions digit of 2990754439?
0
What is the ten millions digit of 134200247?
3
What is the units digit of 254179454?
4
What is the units digit of 632089903?
3
What is the hundreds digit of 546174297?
2
What is the ten thousands digit of 7278019389?
1
What is the tens digit of 1444791717?
1
What is the units digit of 118045759?
9
What is the thousands digit of 72520675?
0
What is the units digit of 26149843?
3
What is the tens digit of 94433660?
6
What is the ten millions digit of 729544841?
2
What is the hundred thousands digit of 4554336294?
3
What is the ten thousands digit of 144367426?
6
What is the ten millions digit of 3963890563?
6
What is the ten millions digit of 193439273?
9
What is the hundreds digit of 24589782?
7
What is the thousands digit of 1988533208?
3
What is the thousands digit of 277876632?
6
What is the millions digit of 81080695?
1
What is the hundreds digit of 5450013?
0
What is the ten millions digit of 8518044215?
1
What is the ten thousands digit of 42387931?
8
What is the ten millions digit of 1730637278?
3
What is the hundred thousands digit of 1513980912?
9
What is the tens digit of 14798164?
6
What is the tens digit of 65238858?
5
What is the millions digit of 2050032517?
0
What is the millions digit of 64883032?
4
What is the tens digit of 927692446?
4
What is the hundreds digit of 1309107963?
9
What is the millions digit of 2330483?
2
What is the thousands digit of 3489785751?
5
What is the units digit of 844854572?
2
What is the hundred millions digit of 1071133621?
0
What is the thousands digit of 4042741?
2
What is the thousands digit of 160669794?
9
What is the billions digit of 1332625454?
1
What is the billions digit of 5291663059?
5
What is the hundred thousands digit of 1265928833?
9
What is the tens digit of 37597939?
3
What is the tens digit of 34188328?
2
What is the ten thousands digit of 28760304?
6
What is the hundred thousands digit of 6978025?
9
What is the hundred thousands digit of 278794564?
7
What is the ten millions digit of 434794122?
3
What is the hundred thousands digit of 287928320?
9
What is the thousands digit of 326401715?
1
What is the ten millions digit of 340434803?
4
What is the thousands digit of 298737340?
7
What is the units digit of 19511442?
2
What is the hundred thousands digit of 35218586?
2
What is the hundred thousands digit of 192189573?
1
What is the hundred millions digit of 225612424?
2
What is the units digit of 2221218726?
6
What is the millions digit of 52760003?
2
What is the hundred millions digit of 968560456?
9
What is the hundred thousands digit of 779318889?
3
What is the hundred millions digit of 164028956?
1
What is the hundred thousands digit of 5355872?
3
What is the hundreds digit of 48443355?
3
What is the ten millions digit of 194100751?
9
What is the ten thousands digit of 98916129?
1
What is the millions digit of 3570756073?
0
What is the hundred thousands digit of 32496670?
4
What is the units digit of 7065156370?
0
What is the ten millions digit of 585734839?
8
What is the units digit of 53172395?
5
What is the hundred thousands digit of 212603936?
6
What is the tens digit of 4679633?
3
What is the units digit of 3830058050?
0
What is the hundred millions digit of 638633043?
6
What is the ten thousands digit of 47111303?
1
What is the ten millions digit of 38401569?
3
What is the thousands digit of 158236554?
6
What is the thousands digit of 869047128?
7
What is the hundred thousands digit of 4703254562?
2
What is the millions digit of 135896012?
5
What is the hundreds digit of 325643917?
9
What is the hundreds digit of 391341273?
2
What is the hundred thousands digit of 22330734?
3
What is the units digit of 753780553?
3
What is the thousands digit of 5076289?
6
What is the hundreds digit of 629064706?
7
What is the millions digit of 434325908?
4
What is the hundred millions digit of 2179589265?
1
What is the ten thousands digit of 771499129?
9
What is the ten millions digit of 177029275?
7
What is the ten millions digit of 1337643191?
3
What is the thousands digit of 227714713?
4
What is the hundreds digit of 532140214?
2
What is the tens digit of 6249584019?
1
What is the hundreds digit of 184049232?
2
What is the ten thousands digit of 48947858?
4
What is the thousands digit of 1949634707?
4
What is the tens digit of 17678314?
1
What is the thousands digit of 138201328?
1
What is the millions digit of 8319608496?
9
What is the units digit of 167277782?
2
What is the hundred thousands digit of 249192644?
1
What is the units digit of 40909149?
9
What is the tens digit of 45209144?
4
What is the ten millions digit of 297756938?
9
What is the hundreds digit of 2800099252?
2
What is the thousands digit of 3482926499?
6
What is the hundred millions digit of 529921266?
5
What is the thousands digit of 402477025?
7
What is the hundreds digit of 526051603?
6
What is the hundred millions digit of 422424627?
4
What is the millions digit of 831303458?
1
What is the tens digit of 197411611?
1
What is the hundred thousands digit of 66836677?
8
What is the hundred thousands digit of 25178484?
1
What is the units digit of 1473682500?
0
What is the millions digit of 58523928?
8
What is the hundred millions digit of 1667392060?
6
What is the hundred thousands digit of 2099595659?
5
What is the hundred millions digit of 347827664?
3
What is the billions digit of 4153513979?
4
What is the millions digit of 89254011?
9
What is the units digit of 131185001?
1
What is the millions digit of 3934792620?
4
What is the units digit of 286059964?
4
What is the ten millions digit of 174207913?
7
What is the tens digit of 180282374?
7
What is the units digit of 6886610?
0
What is the ten thousands digit of 135758171?
5
What is the ten thousands digit of 29815360?
1
What is the hundred thousands digit of 22034211?
0
What is the thousands digit of 32966813?
6
What is the ten thousands digit of 47391517?
9
What is th